v**3 + 20*v**2 - 119*v - 962. Calculate t(-23).
188
Let y(i) = 59*i + 4543. Calculate y(-81).
-236
Let u(c) = 7*c**3 + c**2 - 818*c + 819. Determine u(1).
9
Let y(t) = 55*t**3 - 34*t**2 - 6*t + 6. Determine y(1).
21
Let f(m) = 11986*m - 191770. Give f(16).
6
Let q(k) = 5*k**2 + 2121*k + 21077. Calculate q(-414).
-37
Let d(v) = v**2 - 8221*v - 264086. Give d(-32).
10
Let n(m) = -m**2 - 21786*m - 283074. Calculate n(-13).
-25
Let j(i) = -366*i + 2305. Determine j(5).
475
Let l(x) = 4625*x - 1373538. What is l(297)?
87
Let f(y) = -17*y**2 + 743*y - 664. Determine f(43).
-148
Let p(c) = c**3 + 18*c**2 + 79*c + 153. What is p(-18)?
-1269
Let r(m) = -m**2 - 377*m + 143757. Determine r(235).
-63
Let i(v) = -395*v + 5262. Calculate i(17).
-1453
Let d(t) = 1737*t - 28024. Give d(16).
-232
Let u(h) = h**2 + 9323*h - 1047074. Give u(111).
100
Let x(k) = k**3 - 115*k**2 - 411*k + 71997. Give x(113).
16
Let y(x) = -x**3 + 33*x**2 + 308*x - 2. Give y(-8).
158
Let z(k) = 6415*k - 3047118. Calculate z(475).
7
Let r(c) = -79063*c + 474370. Determine r(6).
-8
Let o(i) = 81*i + 5150. Determine o(1).
5231
Let l(j) = 132*j**2 + 9377*j + 345. Give l(-71).
-10
Let f(r) = -2*r**3 + 14*r**2 + 106*r - 33. Determine f(0).
-33
Let h(r) = 5*r**3 + 38*r**2 + 391*r + 1272. What is h(-4)?
-4
Let m(k) = -157910*k + 6790124. What is m(43)?
-6
Let w(k) = -2*k**2 + 112*k - 1238. What is w(13)?
-120
Let t(k) = 181*k - 40868. Give t(225).
-143
Let s(u) = -12*u**2 - 1971*u - 610. Calculate s(-164).
-118
Let i(s) = -60*s - 2113. Determine i(-35).
-13
Let i(v) = v**2 + 523*v + 17064. Determine i(-35).
-16
Let g(x) = 419*x + 569. Calculate g(-8).
-2783
Let l(b) = -2750*b - 9045. Determine l(-3).
-795
Let p(z) = 3*z**3 + 33*z**2 + 343*z + 6103. What is p(-17)?
-4930
Let c(x) = x**2 + 60*x + 316. Determine c(-72).
1180
Let m(b) = -3*b**3 + 1544*b**2 + 10908*b + 1. Determine m(-7).
330
Let b(q) = -q**2 - 43*q + 644. What is b(12)?
-16
Let f(x) = -712*x + 30669. Determine f(43).
53
Let w(s) = 11394*s - 273497. What is w(24)?
-41
Let n(b) = 10439*b + 14614606. Give n(-1400).
6
Let d(g) = 2*g**2 + 517*g - 17295. What is d(34)?
2595
Let t(p) = -3*p**2 + 5922*p - 82475. Determine t(14).
-155
Let c(g) = 3165*g + 1560355. Determine c(-493).
10
Let p(x) = 2284*x + 66317. Determine p(-29).
81
Let o(i) = -6*i**2 + 242*i + 1413. Give o(46).
-151
Let h(q) = 4874*q + 14541. Calculate h(-3).
-81
Let w(l) = -5*l**3 - 80*l**2 + 59*l + 946. Give w(-16).
2
Let c(o) = 2*o**3 + 38*o**2 + 2251*o + 45859. Give c(-20).
39
Let a(g) = -221*g**2 - 316*g - 127. Give a(-2).
-379
Let a(h) = -4*h**2 + 524*h + 4171. Calculate a(-7).
307
Let n(p) = -9*p**2 + 2260*p + 2038. Calculate n(252).
22
Let m(r) = 4*r**3 + 11*r**2 + 17*r - 29. Determine m(-8).
-1509
Let x(m) = -10*m**2 + 2*m + 303. Calculate x(19).
-3269
Let d(y) = 175796*y + 4746471. Determine d(-27).
-21
Let k(c) = -52368*c - 2199444. Calculate k(-42).
12
Let c(f) = -46*f**2 + 1267*f + 1938. Calculate c(29).
-5
Let o(l) = -l**3 + 911*l**2 + 14827*l + 4511. Calculate o(927).
-124
Let h(z) = 1452*z + 21760. Give h(-12).
4336
Let u(s) = -1299*s + 26099. Determine u(20).
119
Let r(j) = -j**3 - 534*j**2 + 3365*j + 652587. Determine r(-538).
-7
Let t(c) = 9*c**2 - 1002*c - 330. Determine t(112).
342
Let q(z) = z**3 + 30*z**2 + 39*z + 1191. Calculate q(0).
1191
Let b(z) = 5*z**3 - 29*z**2 - 38*z + 62. Determine b(-2).
-18
Let q(u) = -206*u**3 + 30*u**2 + 52*u - 5. Determine q(-2).
1659
Let b(i) = -10156*i + 57424. Calculate b(6).
-3512
Let a(v) = 1112*v - 14938. Determine a(15).
1742
Let h(n) = -4191*n - 519706. Determine h(-124).
-22
Let v(c) = -2*c**2 + 385*c + 25841. Determine v(245).
116
Let m(n) = -2*n**2 - 2082*n - 38683. Give m(-19).
153
Let h(z) = 20*z**2 + 611*z - 608. Give h(1).
23
Let w(u) = 6953*u - 116116. Determine w(17).
2085
Let y(t) = -19*t**2 + 355*t - 2120. Determine y(6).
-674
Let u(m) = 5*m**3 + 4*m**2 + 15*m + 50. What is u(-3)?
-94
Let n(h) = 207*h + 15115. Calculate n(-73).
4
Let o(v) = -26*v**3 + 115*v**2 - 40*v - 20. Determine o(4).
-4
Let k(p) = -115*p**2 + 5750*p + 2. Give k(50).
2
Let k(v) = -1436*v - 103211. Determine k(-72).
181
Let u(o) = -293*o**2 - 31060*o - 210. Determine u(-106).
2
Let a(j) = j**2 + 174114*j + 1044615. Give a(-6).
-33
Let i(l) = -622*l - 63873. Give i(-103).
193
Let b(g) = -4*g**2 - 89472*g - 89472. Determine b(-1).
-4
Let i(k) = -3*k**2 + 505*k - 2470. What is i(162)?
608
Let s(v) = 1398*v - 69820. Determine s(50).
80
Let k(y) = -11*y**3 + 61*y**2 - 376*y - 3. Give k(6).
-2439
Let h(l) = 82221*l - 7975435. Calculate h(97).
2
Let f(j) = 73*j**2 - 5987*j + 330. Determine f(82).
248
Let p(h) = 47*h**2 + 34*h + 78. Calculate p(5).
1423
Let k(s) = 6720*s + 416633. Calculate k(-62).
-7
Let n(r) = -r**2 - 260*r - 14504. Determine n(-179).
-5
Let j(a) = 54*a**2 + 9826*a - 411. Give j(-182).
-47
Let a(y) = 4*y**3 + 59*y**2 - 61*y - 151. Determine a(-16).
-455
Let q(p) = -4*p**2 - 241*p - 123. What is q(-60)?
-63
Let p(c) = 11925*c - 226591. What is p(19)?
-16
Let x(q) = -2*q**2 + 149*q + 1257. Determine x(-30).
-5013
Let l(s) = -2*s**3 - 360*s**2 - 304*s + 9661. Give l(-179).
-5
Let v(a) = -178*a**2 - 1577*a - 2315. What is v(-7)?
2
Let g(s) = -3*s**2 + 11057*s + 133127. Calculate g(-12).
11
Let v(l) = -l**3 + 259*l**2 + 85*l - 22090. Give v(259).
-75
Let r(s) = 36630*s + 3260056. Determine r(-89).
-14
Let t(q) = -1470*q + 151632. Determine t(103).
222
Let u(g) = g**3 + 285*g**2 + 11751*g - 92. Calculate u(-50).
-142
Let g(d) = -150*d**2 + 97*d + 13. Determine g(-4).
-2775
Let a(f) = -2166*f + 1076517. What is a(497)?
15
Let i(l) = 38*l**2 - 4469*l + 11371. What is i(115)?
-14
Let o(t) = 5*t**2 + 336*t - 2697. Give o(-75).
228
Let a(j) = -17*j**2 + 230*j + 1313. Determine a(-6).
-679
Let f(u) = u**3 - 4*u**2 - 112*u - 47. Calculate f(-8).
81
Let r(i) = -i**3 - 52*i**2 - 389*i + 183. Determine r(-43).
269
Let q(j) = 108719*j + 1087195. Calculate q(-10).
5
Let a(l) = -205*l + 27887. What is a(143)?
-1428
Let b(a) = -1501*a + 9041. Determine b(6).
35
Let v(o) = -89578*o**2 + 1254080*o + 159. Give v(14).
-9
Let j(m) = m**2 - 29*m - 2522. What is j(69)?
238
Let n(j) = 82*j - 1878. Calculate n(33).
828
Let v(h) = -5*h**3 - 8*h**2 - 78*h - 2. Calculate v(0).
-2
Let j(d) = 3*d**2 - 1062*d + 28133. Give j(29).
-142
Let m(w) = w**3 + 5*w**2 + 6133*w + 43024. Determine m(-7).
-5
Let y(t) = -8*t**2 - 12408*t - 74191. What is y(-6)?
-31
Let h(s) = -1987*s - 276232. What is h(-139)?
-39
Let i(d) = 11068*d - 2268948. Give i(205).
-8
Let r(f) = 3*f**3 + 444*f**2 + 890*f + 2038. Give r(-146).
-6
Let k(j) = -3*j**2 - 691*j - 12944. Give k(-19).
-898
Let r(h) = -3274*h + 16406. Give r(5).
36
Let z(b) = 3555*b - 81670. Give z(23).
95
Let d(u) = -u**3 - 40*u**2 + 1355*u + 54390. Calculate d(-39).
24
Let d(z) = 16*z**3 + 259*z**2 - 204*z + 231. Determine d(-17).
-58
Let z(q) = 2658*q + 21504. Calculate z(-8).
240
Let q(b) = -2224*b - 28920. Give q(-13).
-8
Let q(a) = a**3 + 7*a**2 - 1982*a + 28. Calculate q(0).
28
Let q(a) = -46809*a + 795767. Determine q(17).
14
Let f(k) = k**2 - 28660*k + 601407. Calculate f(21).
-12
Let o(k) = -k**3 - 297*k**2 - 14560*k - 68. What is o(-235)?
-2418
Let b(v) = v**3 + 261*v**2 + 2757*v + 9. What is b(-11)?
-68
Let v(q) = 9*q**3 + 3376*q**2 - 9819*q + 3397. Give v(-378).
-5
Let o(b) = -b**3 - 55*b**2 + 129*b + 5599. Determine o(-56).
1511
Let b(l) = l**2 - 62*l - 5791. Give b(-56).
817
Let o(i) = -23665*i - 94860. Determine o(-4).
-200
Let g(b) = -b**3 - 139*b**2 - 107*b + 4275. Calculate g(-138).
-3
Let c(m) = 2*m**3 + 174*m**2 + 3168*m - 456. Give c(-61).
-212
Let h(m) = -6*m**3 - 240*m**2 + 366*m + 14735. Calculate h(-40).
95
Let i(q) = 852*q - 10778. Determine i(12).
-554
Let d(p) = -p**3 - 50*p**2 - 76*p + 6. Give d(-48).
-954
Let k(i) = 2938*i + 1624668. Determine k(-553).
-46
Let r(k) = 1526*k + 7697. Calculate r(-5).
67
Let t(a) = -2*a**3 + 4*a**2 + 772*a + 2928. Give t(-4).
32
Let c(s) = -s**3 + 359*s**2 - 2365*s + 1494. Give c(6).
12
Let m(z) = 22120*z + 132692. Determine m(-6).
-28
Let u(j) = -j**3 - 13*j**2 + 2229*j - 642. Determine u(41).
-27
Let y(z) = -2041*z + 191876. Calculate y(94).
22
Let b(o) = 16820*o + 4272274. What is b(-254)?
-6
Let q(h) = -17271*h**2 - 34519*h + 9. Calculate q(-2).